
{"id":9955,"date":"2024-02-09T10:51:47","date_gmt":"2024-02-09T16:51:47","guid":{"rendered":"https:\/\/tachiapas.gob.mx\/comite-igualdad\/?page_id=9955"},"modified":"2024-04-11T10:10:00","modified_gmt":"2024-04-11T16:10:00","slug":"sesiones-extraordinarias-2024","status":"publish","type":"page","link":"https:\/\/tachiapas.gob.mx\/comite-igualdad\/sesiones-extraordinarias-2024\/","title":{"rendered":"Sesiones Extraordinarias 2024"},"content":{"rendered":"\t\t<div data-elementor-type=\"wp-page\" data-elementor-id=\"9955\" class=\"elementor elementor-9955\">\n\t\t\t\t\t\t<section class=\"elementor-section elementor-top-section elementor-element elementor-element-4c8f15d elementor-section-boxed elementor-section-height-default elementor-section-height-default\" data-id=\"4c8f15d\" data-element_type=\"section\" data-e-type=\"section\">\n\t\t\t\t\t\t<div class=\"elementor-container elementor-column-gap-default\">\n\t\t\t\t\t<div class=\"elementor-column elementor-col-100 elementor-top-column elementor-element elementor-element-026c2e9\" data-id=\"026c2e9\" data-element_type=\"column\" data-e-type=\"column\">\n\t\t\t<div class=\"elementor-widget-wrap elementor-element-populated\">\n\t\t\t\t\t\t<div class=\"elementor-element elementor-element-29e5278 elementor-widget elementor-widget-spacer\" data-id=\"29e5278\" data-element_type=\"widget\" data-e-type=\"widget\" data-widget_type=\"spacer.default\">\n\t\t\t\t<div class=\"elementor-widget-container\">\n\t\t\t\t\t\t\t<div class=\"elementor-spacer\">\n\t\t\t<div class=\"elementor-spacer-inner\"><\/div>\n\t\t<\/div>\n\t\t\t\t\t\t<\/div>\n\t\t\t\t<\/div>\n\t\t\t\t<div class=\"elementor-element elementor-element-8692d15 elementor-widget elementor-widget-heading\" data-id=\"8692d15\" data-element_type=\"widget\" data-e-type=\"widget\" data-widget_type=\"heading.default\">\n\t\t\t\t<div class=\"elementor-widget-container\">\n\t\t\t\t\t<h2 class=\"elementor-heading-title elementor-size-default\">Segunda Sesi\u00f3n Extraordinaria<\/h2>\t\t\t\t<\/div>\n\t\t\t\t<\/div>\n\t\t\t\t\t<\/div>\n\t\t<\/div>\n\t\t\t\t\t<\/div>\n\t\t<\/section>\n\t\t\t\t<section class=\"elementor-section elementor-top-section elementor-element elementor-element-f6ea8e2 elementor-section-boxed elementor-section-height-default elementor-section-height-default\" data-id=\"f6ea8e2\" data-element_type=\"section\" data-e-type=\"section\">\n\t\t\t\t\t\t<div class=\"elementor-container elementor-column-gap-default\">\n\t\t\t\t\t<div class=\"elementor-column elementor-col-50 elementor-top-column elementor-element elementor-element-33e7174\" data-id=\"33e7174\" data-element_type=\"column\" data-e-type=\"column\">\n\t\t\t<div class=\"elementor-widget-wrap elementor-element-populated\">\n\t\t\t\t\t\t<div class=\"elementor-element elementor-element-4d56024 elementor-widget elementor-widget-image\" data-id=\"4d56024\" data-element_type=\"widget\" data-e-type=\"widget\" data-widget_type=\"image.default\">\n\t\t\t\t<div class=\"elementor-widget-container\">\n\t\t\t\t\t\t\t\t\t\t\t\t\t\t\t<img fetchpriority=\"high\" decoding=\"async\" width=\"590\" height=\"332\" src=\"https:\/\/tachiapas.gob.mx\/comite-igualdad\/wp-content\/uploads\/2024\/04\/WhatsApp-Image-2024-04-05-at-2.02.39-PM-1024x576.jpeg\" class=\"attachment-large size-large wp-image-10215\" alt=\"\" srcset=\"https:\/\/tachiapas.gob.mx\/comite-igualdad\/wp-content\/uploads\/2024\/04\/WhatsApp-Image-2024-04-05-at-2.02.39-PM-1024x576.jpeg 1024w, https:\/\/tachiapas.gob.mx\/comite-igualdad\/wp-content\/uploads\/2024\/04\/WhatsApp-Image-2024-04-05-at-2.02.39-PM-300x169.jpeg 300w, https:\/\/tachiapas.gob.mx\/comite-igualdad\/wp-content\/uploads\/2024\/04\/WhatsApp-Image-2024-04-05-at-2.02.39-PM-768x432.jpeg 768w, https:\/\/tachiapas.gob.mx\/comite-igualdad\/wp-content\/uploads\/2024\/04\/WhatsApp-Image-2024-04-05-at-2.02.39-PM-1536x864.jpeg 1536w, https:\/\/tachiapas.gob.mx\/comite-igualdad\/wp-content\/uploads\/2024\/04\/WhatsApp-Image-2024-04-05-at-2.02.39-PM-262x147.jpeg 262w, https:\/\/tachiapas.gob.mx\/comite-igualdad\/wp-content\/uploads\/2024\/04\/WhatsApp-Image-2024-04-05-at-2.02.39-PM.jpeg 1600w\" sizes=\"(max-width: 590px) 100vw, 590px\" \/>\t\t\t\t\t\t\t\t\t\t\t\t\t\t\t<\/div>\n\t\t\t\t<\/div>\n\t\t\t\t\t<\/div>\n\t\t<\/div>\n\t\t\t\t<div class=\"elementor-column elementor-col-50 elementor-top-column elementor-element elementor-element-764518e\" data-id=\"764518e\" data-element_type=\"column\" data-e-type=\"column\">\n\t\t\t<div class=\"elementor-widget-wrap elementor-element-populated\">\n\t\t\t\t\t\t<div class=\"elementor-element elementor-element-402bcf8 elementor-widget elementor-widget-image\" data-id=\"402bcf8\" data-element_type=\"widget\" data-e-type=\"widget\" data-widget_type=\"image.default\">\n\t\t\t\t<div class=\"elementor-widget-container\">\n\t\t\t\t\t\t\t\t\t\t\t\t\t\t\t<img decoding=\"async\" width=\"590\" height=\"332\" src=\"https:\/\/tachiapas.gob.mx\/comite-igualdad\/wp-content\/uploads\/2024\/04\/WhatsApp-Image-2024-04-05-at-2.03.04-PM-1024x576.jpeg\" class=\"attachment-large size-large wp-image-10218\" alt=\"\" srcset=\"https:\/\/tachiapas.gob.mx\/comite-igualdad\/wp-content\/uploads\/2024\/04\/WhatsApp-Image-2024-04-05-at-2.03.04-PM-1024x576.jpeg 1024w, https:\/\/tachiapas.gob.mx\/comite-igualdad\/wp-content\/uploads\/2024\/04\/WhatsApp-Image-2024-04-05-at-2.03.04-PM-300x169.jpeg 300w, https:\/\/tachiapas.gob.mx\/comite-igualdad\/wp-content\/uploads\/2024\/04\/WhatsApp-Image-2024-04-05-at-2.03.04-PM-768x432.jpeg 768w, https:\/\/tachiapas.gob.mx\/comite-igualdad\/wp-content\/uploads\/2024\/04\/WhatsApp-Image-2024-04-05-at-2.03.04-PM-1536x864.jpeg 1536w, https:\/\/tachiapas.gob.mx\/comite-igualdad\/wp-content\/uploads\/2024\/04\/WhatsApp-Image-2024-04-05-at-2.03.04-PM-262x147.jpeg 262w, https:\/\/tachiapas.gob.mx\/comite-igualdad\/wp-content\/uploads\/2024\/04\/WhatsApp-Image-2024-04-05-at-2.03.04-PM.jpeg 1600w\" sizes=\"(max-width: 590px) 100vw, 590px\" \/>\t\t\t\t\t\t\t\t\t\t\t\t\t\t\t<\/div>\n\t\t\t\t<\/div>\n\t\t\t\t\t<\/div>\n\t\t<\/div>\n\t\t\t\t\t<\/div>\n\t\t<\/section>\n\t\t\t\t<section class=\"elementor-section elementor-top-section elementor-element elementor-element-c32c1a9 elementor-section-boxed elementor-section-height-default elementor-section-height-default\" data-id=\"c32c1a9\" data-element_type=\"section\" data-e-type=\"section\">\n\t\t\t\t\t\t<div class=\"elementor-container elementor-column-gap-default\">\n\t\t\t\t\t<div class=\"elementor-column elementor-col-50 elementor-top-column elementor-element elementor-element-a725224\" data-id=\"a725224\" data-element_type=\"column\" data-e-type=\"column\">\n\t\t\t<div class=\"elementor-widget-wrap elementor-element-populated\">\n\t\t\t\t\t\t<div class=\"elementor-element elementor-element-45b28e1 elementor-widget elementor-widget-image\" data-id=\"45b28e1\" data-element_type=\"widget\" data-e-type=\"widget\" data-widget_type=\"image.default\">\n\t\t\t\t<div class=\"elementor-widget-container\">\n\t\t\t\t\t\t\t\t\t\t\t\t\t\t\t<img decoding=\"async\" width=\"590\" height=\"332\" src=\"https:\/\/tachiapas.gob.mx\/comite-igualdad\/wp-content\/uploads\/2024\/04\/WhatsApp-Image-2024-04-05-at-2.02.44-PM-1024x576.jpeg\" class=\"attachment-large size-large wp-image-10217\" alt=\"\" srcset=\"https:\/\/tachiapas.gob.mx\/comite-igualdad\/wp-content\/uploads\/2024\/04\/WhatsApp-Image-2024-04-05-at-2.02.44-PM-1024x576.jpeg 1024w, https:\/\/tachiapas.gob.mx\/comite-igualdad\/wp-content\/uploads\/2024\/04\/WhatsApp-Image-2024-04-05-at-2.02.44-PM-300x169.jpeg 300w, https:\/\/tachiapas.gob.mx\/comite-igualdad\/wp-content\/uploads\/2024\/04\/WhatsApp-Image-2024-04-05-at-2.02.44-PM-768x432.jpeg 768w, https:\/\/tachiapas.gob.mx\/comite-igualdad\/wp-content\/uploads\/2024\/04\/WhatsApp-Image-2024-04-05-at-2.02.44-PM-1536x864.jpeg 1536w, https:\/\/tachiapas.gob.mx\/comite-igualdad\/wp-content\/uploads\/2024\/04\/WhatsApp-Image-2024-04-05-at-2.02.44-PM-262x147.jpeg 262w, https:\/\/tachiapas.gob.mx\/comite-igualdad\/wp-content\/uploads\/2024\/04\/WhatsApp-Image-2024-04-05-at-2.02.44-PM.jpeg 1600w\" sizes=\"(max-width: 590px) 100vw, 590px\" \/>\t\t\t\t\t\t\t\t\t\t\t\t\t\t\t<\/div>\n\t\t\t\t<\/div>\n\t\t\t\t\t<\/div>\n\t\t<\/div>\n\t\t\t\t<div class=\"elementor-column elementor-col-50 elementor-top-column elementor-element elementor-element-01ac1f3\" data-id=\"01ac1f3\" data-element_type=\"column\" data-e-type=\"column\">\n\t\t\t<div class=\"elementor-widget-wrap elementor-element-populated\">\n\t\t\t\t\t\t<div class=\"elementor-element elementor-element-f43eb19 elementor-widget elementor-widget-image\" data-id=\"f43eb19\" data-element_type=\"widget\" data-e-type=\"widget\" data-widget_type=\"image.default\">\n\t\t\t\t<div class=\"elementor-widget-container\">\n\t\t\t\t\t\t\t\t\t\t\t\t\t\t\t<img loading=\"lazy\" decoding=\"async\" width=\"590\" height=\"332\" src=\"https:\/\/tachiapas.gob.mx\/comite-igualdad\/wp-content\/uploads\/2024\/04\/WhatsApp-Image-2024-04-05-at-2.02.41-PM-1024x576.jpeg\" class=\"attachment-large size-large wp-image-10216\" alt=\"\" srcset=\"https:\/\/tachiapas.gob.mx\/comite-igualdad\/wp-content\/uploads\/2024\/04\/WhatsApp-Image-2024-04-05-at-2.02.41-PM-1024x576.jpeg 1024w, https:\/\/tachiapas.gob.mx\/comite-igualdad\/wp-content\/uploads\/2024\/04\/WhatsApp-Image-2024-04-05-at-2.02.41-PM-300x169.jpeg 300w, https:\/\/tachiapas.gob.mx\/comite-igualdad\/wp-content\/uploads\/2024\/04\/WhatsApp-Image-2024-04-05-at-2.02.41-PM-768x432.jpeg 768w, https:\/\/tachiapas.gob.mx\/comite-igualdad\/wp-content\/uploads\/2024\/04\/WhatsApp-Image-2024-04-05-at-2.02.41-PM-1536x864.jpeg 1536w, https:\/\/tachiapas.gob.mx\/comite-igualdad\/wp-content\/uploads\/2024\/04\/WhatsApp-Image-2024-04-05-at-2.02.41-PM-262x147.jpeg 262w, https:\/\/tachiapas.gob.mx\/comite-igualdad\/wp-content\/uploads\/2024\/04\/WhatsApp-Image-2024-04-05-at-2.02.41-PM.jpeg 1600w\" sizes=\"(max-width: 590px) 100vw, 590px\" \/>\t\t\t\t\t\t\t\t\t\t\t\t\t\t\t<\/div>\n\t\t\t\t<\/div>\n\t\t\t\t\t<\/div>\n\t\t<\/div>\n\t\t\t\t\t<\/div>\n\t\t<\/section>\n\t\t\t\t<section class=\"elementor-section elementor-top-section elementor-element elementor-element-d78d62d elementor-section-content-middle elementor-section-boxed elementor-section-height-default elementor-section-height-default\" data-id=\"d78d62d\" data-element_type=\"section\" data-e-type=\"section\" data-settings=\"{&quot;background_background&quot;:&quot;classic&quot;}\">\n\t\t\t\t\t\t<div class=\"elementor-container elementor-column-gap-no\">\n\t\t\t\t\t<div class=\"elementor-column elementor-col-100 elementor-top-column elementor-element elementor-element-24c5f07b\" data-id=\"24c5f07b\" data-element_type=\"column\" data-e-type=\"column\">\n\t\t\t<div class=\"elementor-widget-wrap elementor-element-populated\">\n\t\t\t\t\t\t<div class=\"elementor-element elementor-element-ef740f0 elementor-widget elementor-widget-text-editor\" data-id=\"ef740f0\" data-element_type=\"widget\" data-e-type=\"widget\" data-widget_type=\"text-editor.default\">\n\t\t\t\t<div class=\"elementor-widget-container\">\n\t\t\t\t\t\t\t\t\t<p><span style=\"color: #993366;\"><strong><em>\u27a1\ufe0f Presentaci\u00f3n y\u00a0 en su caso aprobaci\u00f3n del Plan de Trabajo 2024.<\/em><\/strong><\/span><\/p><p>\u27a1\ufe0f <em><strong><span style=\"color: #993366;\">Organizaci\u00f3n del evento del d\u00eda de la ni\u00f1a y el ni\u00f1o.<\/span><\/strong><\/em><\/p><p><span style=\"color: #993366;\"><strong><em>\u27a1\ufe0f Asuntos generales<\/em><\/strong><\/span><\/p>\t\t\t\t\t\t\t\t<\/div>\n\t\t\t\t<\/div>\n\t\t\t\t\t<\/div>\n\t\t<\/div>\n\t\t\t\t\t<\/div>\n\t\t<\/section>\n\t\t\t\t<section class=\"elementor-section elementor-top-section elementor-element elementor-element-d854e8c elementor-section-boxed elementor-section-height-default elementor-section-height-default\" data-id=\"d854e8c\" data-element_type=\"section\" data-e-type=\"section\">\n\t\t\t\t\t\t<div class=\"elementor-container elementor-column-gap-default\">\n\t\t\t\t\t<div class=\"elementor-column elementor-col-100 elementor-top-column elementor-element elementor-element-f871ac8\" data-id=\"f871ac8\" data-element_type=\"column\" data-e-type=\"column\">\n\t\t\t<div class=\"elementor-widget-wrap elementor-element-populated\">\n\t\t\t\t\t\t<div class=\"elementor-element elementor-element-2a86efe elementor-widget-divider--view-line elementor-widget elementor-widget-divider\" data-id=\"2a86efe\" data-element_type=\"widget\" data-e-type=\"widget\" data-widget_type=\"divider.default\">\n\t\t\t\t<div class=\"elementor-widget-container\">\n\t\t\t\t\t\t\t<div class=\"elementor-divider\">\n\t\t\t<span class=\"elementor-divider-separator\">\n\t\t\t\t\t\t<\/span>\n\t\t<\/div>\n\t\t\t\t\t\t<\/div>\n\t\t\t\t<\/div>\n\t\t\t\t\t<\/div>\n\t\t<\/div>\n\t\t\t\t\t<\/div>\n\t\t<\/section>\n\t\t\t\t<section class=\"elementor-section elementor-top-section elementor-element elementor-element-6bde194 elementor-section-boxed elementor-section-height-default elementor-section-height-default\" data-id=\"6bde194\" data-element_type=\"section\" data-e-type=\"section\">\n\t\t\t\t\t\t<div class=\"elementor-container elementor-column-gap-default\">\n\t\t\t\t\t<div class=\"elementor-column elementor-col-100 elementor-top-column elementor-element elementor-element-ea97513\" data-id=\"ea97513\" data-element_type=\"column\" data-e-type=\"column\">\n\t\t\t<div class=\"elementor-widget-wrap elementor-element-populated\">\n\t\t\t\t\t\t<div class=\"elementor-element elementor-element-9ccbc0e elementor-widget elementor-widget-heading\" data-id=\"9ccbc0e\" data-element_type=\"widget\" data-e-type=\"widget\" data-widget_type=\"heading.default\">\n\t\t\t\t<div class=\"elementor-widget-container\">\n\t\t\t\t\t<h2 class=\"elementor-heading-title elementor-size-default\">Primera Sesi\u00f3n Extraordinaria<\/h2>\t\t\t\t<\/div>\n\t\t\t\t<\/div>\n\t\t\t\t\t<\/div>\n\t\t<\/div>\n\t\t\t\t\t<\/div>\n\t\t<\/section>\n\t\t\t\t<section class=\"elementor-section elementor-top-section elementor-element elementor-element-7687712 elementor-section-boxed elementor-section-height-default elementor-section-height-default\" data-id=\"7687712\" data-element_type=\"section\" data-e-type=\"section\">\n\t\t\t\t\t\t<div class=\"elementor-container elementor-column-gap-default\">\n\t\t\t\t\t<div class=\"elementor-column elementor-col-50 elementor-top-column elementor-element elementor-element-021ff15\" data-id=\"021ff15\" data-element_type=\"column\" data-e-type=\"column\">\n\t\t\t<div class=\"elementor-widget-wrap elementor-element-populated\">\n\t\t\t\t\t\t<div class=\"elementor-element elementor-element-a2aaf44 elementor-widget elementor-widget-image\" data-id=\"a2aaf44\" data-element_type=\"widget\" data-e-type=\"widget\" data-widget_type=\"image.default\">\n\t\t\t\t<div class=\"elementor-widget-container\">\n\t\t\t\t\t\t\t\t\t\t\t\t\t\t\t<img loading=\"lazy\" decoding=\"async\" width=\"590\" height=\"301\" src=\"https:\/\/tachiapas.gob.mx\/comite-igualdad\/wp-content\/uploads\/2024\/04\/422403956_790581989769246_1770868562207557166_n-1024x523.jpg\" class=\"attachment-large size-large wp-image-10087\" alt=\"\" srcset=\"https:\/\/tachiapas.gob.mx\/comite-igualdad\/wp-content\/uploads\/2024\/04\/422403956_790581989769246_1770868562207557166_n-1024x523.jpg 1024w, https:\/\/tachiapas.gob.mx\/comite-igualdad\/wp-content\/uploads\/2024\/04\/422403956_790581989769246_1770868562207557166_n-300x153.jpg 300w, https:\/\/tachiapas.gob.mx\/comite-igualdad\/wp-content\/uploads\/2024\/04\/422403956_790581989769246_1770868562207557166_n-768x392.jpg 768w, https:\/\/tachiapas.gob.mx\/comite-igualdad\/wp-content\/uploads\/2024\/04\/422403956_790581989769246_1770868562207557166_n-1536x785.jpg 1536w, https:\/\/tachiapas.gob.mx\/comite-igualdad\/wp-content\/uploads\/2024\/04\/422403956_790581989769246_1770868562207557166_n-262x134.jpg 262w, https:\/\/tachiapas.gob.mx\/comite-igualdad\/wp-content\/uploads\/2024\/04\/422403956_790581989769246_1770868562207557166_n.jpg 2048w\" sizes=\"(max-width: 590px) 100vw, 590px\" \/>\t\t\t\t\t\t\t\t\t\t\t\t\t\t\t<\/div>\n\t\t\t\t<\/div>\n\t\t\t\t\t<\/div>\n\t\t<\/div>\n\t\t\t\t<div class=\"elementor-column elementor-col-50 elementor-top-column elementor-element elementor-element-2d717d5\" data-id=\"2d717d5\" data-element_type=\"column\" data-e-type=\"column\">\n\t\t\t<div class=\"elementor-widget-wrap elementor-element-populated\">\n\t\t\t\t\t\t<div class=\"elementor-element elementor-element-64d279f elementor-widget elementor-widget-image\" data-id=\"64d279f\" data-element_type=\"widget\" data-e-type=\"widget\" data-widget_type=\"image.default\">\n\t\t\t\t<div class=\"elementor-widget-container\">\n\t\t\t\t\t\t\t\t\t\t\t\t\t\t\t<img loading=\"lazy\" decoding=\"async\" width=\"590\" height=\"312\" src=\"https:\/\/tachiapas.gob.mx\/comite-igualdad\/wp-content\/uploads\/2024\/04\/422357743_790581993102579_6202471028092229637_n-1024x542.jpg\" class=\"attachment-large size-large wp-image-10086\" alt=\"\" srcset=\"https:\/\/tachiapas.gob.mx\/comite-igualdad\/wp-content\/uploads\/2024\/04\/422357743_790581993102579_6202471028092229637_n-1024x542.jpg 1024w, https:\/\/tachiapas.gob.mx\/comite-igualdad\/wp-content\/uploads\/2024\/04\/422357743_790581993102579_6202471028092229637_n-300x159.jpg 300w, https:\/\/tachiapas.gob.mx\/comite-igualdad\/wp-content\/uploads\/2024\/04\/422357743_790581993102579_6202471028092229637_n-768x406.jpg 768w, https:\/\/tachiapas.gob.mx\/comite-igualdad\/wp-content\/uploads\/2024\/04\/422357743_790581993102579_6202471028092229637_n-1536x812.jpg 1536w, https:\/\/tachiapas.gob.mx\/comite-igualdad\/wp-content\/uploads\/2024\/04\/422357743_790581993102579_6202471028092229637_n-262x139.jpg 262w, https:\/\/tachiapas.gob.mx\/comite-igualdad\/wp-content\/uploads\/2024\/04\/422357743_790581993102579_6202471028092229637_n.jpg 2048w\" sizes=\"(max-width: 590px) 100vw, 590px\" \/>\t\t\t\t\t\t\t\t\t\t\t\t\t\t\t<\/div>\n\t\t\t\t<\/div>\n\t\t\t\t\t<\/div>\n\t\t<\/div>\n\t\t\t\t\t<\/div>\n\t\t<\/section>\n\t\t\t\t<section class=\"elementor-section elementor-top-section elementor-element elementor-element-ba68b90 elementor-section-boxed elementor-section-height-default elementor-section-height-default\" data-id=\"ba68b90\" data-element_type=\"section\" data-e-type=\"section\">\n\t\t\t\t\t\t<div class=\"elementor-container elementor-column-gap-default\">\n\t\t\t\t\t<div class=\"elementor-column elementor-col-50 elementor-top-column elementor-element elementor-element-ecf9c47\" data-id=\"ecf9c47\" data-element_type=\"column\" data-e-type=\"column\">\n\t\t\t<div class=\"elementor-widget-wrap elementor-element-populated\">\n\t\t\t\t\t\t<div class=\"elementor-element elementor-element-72afad6 elementor-widget elementor-widget-image\" data-id=\"72afad6\" data-element_type=\"widget\" data-e-type=\"widget\" data-widget_type=\"image.default\">\n\t\t\t\t<div class=\"elementor-widget-container\">\n\t\t\t\t\t\t\t\t\t\t\t\t\t\t\t<img loading=\"lazy\" decoding=\"async\" width=\"2560\" height=\"1138\" src=\"https:\/\/tachiapas.gob.mx\/comite-igualdad\/wp-content\/uploads\/2024\/04\/422319511_790582013102577_7263490825169798575_n-scaled.jpg\" class=\"attachment-full size-full wp-image-10085\" alt=\"\" srcset=\"https:\/\/tachiapas.gob.mx\/comite-igualdad\/wp-content\/uploads\/2024\/04\/422319511_790582013102577_7263490825169798575_n-scaled.jpg 2560w, https:\/\/tachiapas.gob.mx\/comite-igualdad\/wp-content\/uploads\/2024\/04\/422319511_790582013102577_7263490825169798575_n-300x133.jpg 300w, https:\/\/tachiapas.gob.mx\/comite-igualdad\/wp-content\/uploads\/2024\/04\/422319511_790582013102577_7263490825169798575_n-1024x455.jpg 1024w, https:\/\/tachiapas.gob.mx\/comite-igualdad\/wp-content\/uploads\/2024\/04\/422319511_790582013102577_7263490825169798575_n-768x341.jpg 768w, https:\/\/tachiapas.gob.mx\/comite-igualdad\/wp-content\/uploads\/2024\/04\/422319511_790582013102577_7263490825169798575_n-1536x683.jpg 1536w, https:\/\/tachiapas.gob.mx\/comite-igualdad\/wp-content\/uploads\/2024\/04\/422319511_790582013102577_7263490825169798575_n-2048x911.jpg 2048w, https:\/\/tachiapas.gob.mx\/comite-igualdad\/wp-content\/uploads\/2024\/04\/422319511_790582013102577_7263490825169798575_n-262x116.jpg 262w\" sizes=\"(max-width: 2560px) 100vw, 2560px\" \/>\t\t\t\t\t\t\t\t\t\t\t\t\t\t\t<\/div>\n\t\t\t\t<\/div>\n\t\t\t\t\t<\/div>\n\t\t<\/div>\n\t\t\t\t<div class=\"elementor-column elementor-col-50 elementor-top-column elementor-element elementor-element-a8a10ee\" data-id=\"a8a10ee\" data-element_type=\"column\" data-e-type=\"column\">\n\t\t\t<div class=\"elementor-widget-wrap elementor-element-populated\">\n\t\t\t\t\t\t<div class=\"elementor-element elementor-element-7f5ed6d elementor-widget elementor-widget-image\" data-id=\"7f5ed6d\" data-element_type=\"widget\" data-e-type=\"widget\" data-widget_type=\"image.default\">\n\t\t\t\t<div class=\"elementor-widget-container\">\n\t\t\t\t\t\t\t\t\t\t\t\t\t\t\t<img loading=\"lazy\" decoding=\"async\" width=\"590\" height=\"308\" src=\"https:\/\/tachiapas.gob.mx\/comite-igualdad\/wp-content\/uploads\/2024\/04\/422440815_790581973102581_4892749916265448995_n-1024x535.jpg\" class=\"attachment-large size-large wp-image-10084\" alt=\"\" srcset=\"https:\/\/tachiapas.gob.mx\/comite-igualdad\/wp-content\/uploads\/2024\/04\/422440815_790581973102581_4892749916265448995_n-1024x535.jpg 1024w, https:\/\/tachiapas.gob.mx\/comite-igualdad\/wp-content\/uploads\/2024\/04\/422440815_790581973102581_4892749916265448995_n-300x157.jpg 300w, https:\/\/tachiapas.gob.mx\/comite-igualdad\/wp-content\/uploads\/2024\/04\/422440815_790581973102581_4892749916265448995_n-768x401.jpg 768w, https:\/\/tachiapas.gob.mx\/comite-igualdad\/wp-content\/uploads\/2024\/04\/422440815_790581973102581_4892749916265448995_n-1536x803.jpg 1536w, https:\/\/tachiapas.gob.mx\/comite-igualdad\/wp-content\/uploads\/2024\/04\/422440815_790581973102581_4892749916265448995_n-262x137.jpg 262w, https:\/\/tachiapas.gob.mx\/comite-igualdad\/wp-content\/uploads\/2024\/04\/422440815_790581973102581_4892749916265448995_n.jpg 2048w\" sizes=\"(max-width: 590px) 100vw, 590px\" \/>\t\t\t\t\t\t\t\t\t\t\t\t\t\t\t<\/div>\n\t\t\t\t<\/div>\n\t\t\t\t\t<\/div>\n\t\t<\/div>\n\t\t\t\t\t<\/div>\n\t\t<\/section>\n\t\t\t\t<section class=\"elementor-section elementor-top-section elementor-element elementor-element-e956b80 elementor-section-boxed elementor-section-height-default elementor-section-height-default\" data-id=\"e956b80\" data-element_type=\"section\" data-e-type=\"section\">\n\t\t\t\t\t\t<div class=\"elementor-container elementor-column-gap-default\">\n\t\t\t\t\t<div class=\"elementor-column elementor-col-100 elementor-top-column elementor-element elementor-element-fcd28d2\" data-id=\"fcd28d2\" data-element_type=\"column\" data-e-type=\"column\">\n\t\t\t<div class=\"elementor-widget-wrap elementor-element-populated\">\n\t\t\t\t\t\t<div class=\"elementor-element elementor-element-185a8d4 elementor-widget elementor-widget-text-editor\" data-id=\"185a8d4\" data-element_type=\"widget\" data-e-type=\"widget\" data-widget_type=\"text-editor.default\">\n\t\t\t\t<div class=\"elementor-widget-container\">\n\t\t\t\t\t\t\t\t\t<p><span style=\"color: #993366;\"><strong><em>\u27a1\ufe0f Presentaci\u00f3n y aprobaci\u00f3n del calendario de sesiones Ordinarias 2024 del Comit\u00e9 de Igualdad y Derechos Humanos.<\/em><\/strong><\/span><\/p><p>\u27a1\ufe0f <em><strong><span style=\"color: #993366;\">Asunto referente al cuestionario relacionado al Acoso y hostigamiento Sexual y laboral.<\/span><\/strong><\/em><\/p><p>\u27a1\ufe0f\u00a0<em><strong><span style=\"color: #993366;\">Programaci\u00f3n de los cursos para el a\u00f1o 2024, referente a la certificaci\u00f3n \u00abCapacitaci\u00f3n Presencial a servidoras y servidores p\u00fablicos en y desde el enfoque de igualdad entre Hombres y Mujeres Nivel B\u00e1sico\u00bb.<\/span><\/strong><\/em><em><strong><span style=\"color: #993366;\"><br \/><\/span><\/strong><\/em><\/p><p><span style=\"color: #993366;\"><strong><em>\u27a1\ufe0f Asuntos generales<\/em><\/strong><\/span><\/p>\t\t\t\t\t\t\t\t<\/div>\n\t\t\t\t<\/div>\n\t\t\t\t\t<\/div>\n\t\t<\/div>\n\t\t\t\t\t<\/div>\n\t\t<\/section>\n\t\t\t\t<\/div>\n\t\t","protected":false},"excerpt":{"rendered":"<p>Segunda Sesi\u00f3n Extraordinaria \u27a1\ufe0f Presentaci\u00f3n y\u00a0 en su caso aprobaci\u00f3n del Plan de Trabajo 2024. \u27a1\ufe0f Organizaci\u00f3n del evento del<\/p>\n<div class=\"read-button read_more_btn_text\"><a class=\"read_more\" href=\"https:\/\/tachiapas.gob.mx\/comite-igualdad\/sesiones-extraordinarias-2024\/\">Read Now<span class=\"arrow_readm\"> &#x25BA;<\/span><\/a><\/div>\n","protected":false},"author":2,"featured_media":0,"parent":0,"menu_order":0,"comment_status":"closed","ping_status":"closed","template":"elementor_header_footer","meta":{"footnotes":""},"class_list":["post-9955","page","type-page","status-publish","hentry"],"_links":{"self":[{"href":"https:\/\/tachiapas.gob.mx\/comite-igualdad\/wp-json\/wp\/v2\/pages\/9955","targetHints":{"allow":["GET"]}}],"collection":[{"href":"https:\/\/tachiapas.gob.mx\/comite-igualdad\/wp-json\/wp\/v2\/pages"}],"about":[{"href":"https:\/\/tachiapas.gob.mx\/comite-igualdad\/wp-json\/wp\/v2\/types\/page"}],"author":[{"embeddable":true,"href":"https:\/\/tachiapas.gob.mx\/comite-igualdad\/wp-json\/wp\/v2\/users\/2"}],"replies":[{"embeddable":true,"href":"https:\/\/tachiapas.gob.mx\/comite-igualdad\/wp-json\/wp\/v2\/comments?post=9955"}],"version-history":[{"count":74,"href":"https:\/\/tachiapas.gob.mx\/comite-igualdad\/wp-json\/wp\/v2\/pages\/9955\/revisions"}],"predecessor-version":[{"id":10248,"href":"https:\/\/tachiapas.gob.mx\/comite-igualdad\/wp-json\/wp\/v2\/pages\/9955\/revisions\/10248"}],"wp:attachment":[{"href":"https:\/\/tachiapas.gob.mx\/comite-igualdad\/wp-json\/wp\/v2\/media?parent=9955"}],"curies":[{"name":"wp","href":"https:\/\/api.w.org\/{rel}","templated":true}]}}